k + 6*k. What is the greatest common factor of m and q?
18
Let o(b) = 2*b. Let y be o(3). Suppose 44*i + 30*i - 65*i = 594. What is the highest common divisor of y and i?
6
Let u = -1 + 6. Suppose 30*h = 20*h. Suppose u*q - 20 - 17 = b, 5*b + 10 = h. Calculate the highest common factor of 21 and q.
7
Let i be (-675 + 0 + 3)/(-1). Calculate the highest common factor of i and 8.
8
Let y = 117 + -112. What is the highest common factor of y and 55?
5
Suppose 5*y = -4*d + 62, -2*d = -d - 3. Suppose -y*q = -q - 144. What is the greatest common divisor of 32 and q?
16
Let i be (-14)/(252/45)*-13*2. Let h be (-14)/(-4) - (-1)/(-2). Suppose h*t - 1 = 38. What is the highest common factor of t and i?
13
Let m be 2 - ((-2)/(-4) - (-664)/(-16)). Calculate the highest common divisor of m and 301.
43
Suppose -80*b + 84*b - 3*l = 171, -120 = -3*b + 5*l. Let u = 164 - -16. Calculate the greatest common factor of b and u.
45
Let i(y) = 9*y + 49. Let o be i(9). Calculate the greatest common divisor of 50 and o.
10
Let r(a) = -6*a**2 - 105*a - 47. Let x be r(-17). What is the highest common factor of 796 and x?
4
Let g(o) = -o**2 + 9*o + 3. Let k be g(9). Suppose -4*y = k*m - 64, m - y = -2*m + 59. Let s = 65 - m. What is the highest common factor of s and 5?
5
Suppose i = 3*y - 7, 0 = -2*y + 3*i - 4*i + 13. Let c be 46/8 + (-3)/(-12). What is the highest common factor of y and c?
2
Let t be (-1)/3 - 132/(-18). Let n = -8 + t. Let h be 3*n - (-18 + 10). What is the greatest common divisor of 20 and h?
5
Let t be (3 + -4)/((-1)/(-1)). Let z be (16 - t)/(-1) - 4. Let h be (-8)/28 - 405/z. Calculate the greatest common divisor of h and 171.
19
Suppose -3*w - 2*u + 17 = 0, -14*w + 51 = -10*w - 3*u. What is the greatest common divisor of 9 and w?
9
Let d(o) = -o**3 + 6*o**2 + 3. Let j be d(6). Suppose j*t - 2*i = 20 + 3, -3*t = 5*i + 5. Calculate the highest common divisor of 45 and t.
5
Let l(m) = m**2 - 4*m - 530. Let z be l(-24). Calculate the greatest common factor of 2 and z.
2
Let o = -131 - -145. Calculate the highest common divisor of 56 and o.
14
Let g(k) = 37*k**2 + 6*k - 6. Let d be g(1). Let a = 51 - d. Calculate the highest common divisor of a and 49.
7
Let m be (36/10)/(12/40). Let l(f) = -f**2 + 13*f - 2. Let d be l(m). Calculate the greatest common factor of 40 and d.
10
Suppose 9*b = -4892 - 2938. Let q be 2/(-6) - b/45. Calculate the highest common divisor of 95 and q.
19
Let c be (8/24)/(2/162). Let l(a) = 2*a**2 + 6*a. Let n be l(-9). What is the greatest common divisor of c and n?
27
Let p be ((-148)/(-8))/(1/2). Suppose 5*i = -n + 36, 16*n + 220 = 20*n + i. Let d = n - p. What is the greatest common factor of 171 and d?
19
Let x(i) = -2*i + 131. Let u be x(-50). What is the highest common divisor of u and 44?
11
Let q = -689 + 700. Suppose -3*h = -6 - 6. Suppose 0*i + 238 = 2*i - h*m, 2*i - 2*m - 240 = 0. What is the highest common divisor of q and i?
11
Let j be (7/7)/((-5)/(-6765)). What is the highest common factor of 33 and j?
33
Suppose 5*u - 7 = 3. Suppose -u*h - 2 + 26 = 0. What is the highest common factor of 12 and h?
12
Let v(p) = 7 - 5*p**2 + 6*p**2 - 23*p + 19*p. Let w be v(5). Calculate the highest common divisor of w and 60.
12
Suppose -y + 6*y = 2*w - 155, 0 = 3*w - y - 265. What is the highest common divisor of 135 and w?
45
Let k be (-51)/34*2*-1. Suppose 4*u + 18 = k*w, w = -2*w - u + 18. Calculate the greatest common factor of w and 6.
6
Let i(b) = b**2 + 1. Let p be i(-3). Suppose 6*z = p*z - 924. Let a(x) = -11*x. Let g be a(-3). Calculate the greatest common factor of g and z.
33
Suppose -5*d + 251 = -p, p = -5*d - 67 + 316. What is the greatest common factor of 30 and d?
10
Let s be 2 + (-2)/(-1) - 1. Let v be 13/s + -4 + (-28)/(-6). Let j be (1/(-1))/(1/(-10)). Calculate the greatest common divisor of j and v.
5
Let m = -255 + 269. Suppose 118 = c - 106. Calculate the greatest common divisor of m and c.
14
Suppose 7 = s - 2*s. Let x = s - -1. Let c be x + 5 + (-3)/(-1). Calculate the highest common divisor of c and 1.
1
Let k = 28 - 14. Let d(v) = -2*v + 36. Let f be d(k). Calculate the greatest common factor of f and 184.
8
Suppose 6*b = 10*b + 4*o - 344, 3*b - o - 250 = 0. Calculate the greatest common divisor of b and 210.
42
Let l(y) = -2*y - 17. Let c be l(10). Let i = c - -57. What is the greatest common factor of 220 and i?
20
Suppose 664 = 2*u + v, 4*u + 3*v = -0*v + 1332. Calculate the greatest common factor of 5 and u.
5
Let a = -9 + 71. Let d(t) = 11*t - 72. Let q be d(15). What is the greatest common factor of a and q?
31
Let m(s) = 33*s**3 + s**2 - 13*s + 31. Let a be m(2). Calculate the greatest common factor of a and 21.
21
Let v(d) = 17*d + 7. Let g be v(3). What is the highest common factor of 29 and g?
29
Let s = -9 - -14. Let g = 13 - s. Calculate the highest common divisor of g and 88.
8
Suppose -2*v + 2551 = 2*a - 931, 0 = -5*a + 5*v + 8675. Calculate the highest common divisor of 11 and a.
11
Suppose -4*z + 76 = 4*y, -5*z + 9*y - 5*y + 104 = 0. Calculate the highest common divisor of 145 and z.
5
Let n = -1 + 1. Suppose 0 = -2*q - n + 20. Let j be ((-42)/(-8) - 3)/((-3)/(-120)). What is the greatest common factor of q and j?
10
Suppose -5*o + 5 = -4*d + 16, 7 = 3*d - 5*o. Suppose q + 5*t = 54 + 17, q - 89 = d*t. What is the greatest common divisor of 9 and q?
9
Let q(f) be the first derivative of -3*f**4/2 - 4*f**3/3 - f**2/2 - 3*f + 5. Let x be q(-3). Calculate the highest common divisor of 21 and x.
21
Let l be (-2)/(-11) - 75/(-11). Let h = -237 + 244. Calculate the greatest common divisor of h and l.
7
Let a be (-1)/(-2) + (-171)/(-18). Suppose 0 = 4*c - 18 + a. Calculate the greatest common divisor of 6 and c.
2
Let x be (1/1)/(-2*6/(-60)). Calculate the highest common factor of x and 5.
5
Let i(z) = -z**3 - 7*z**2 + 4*z - 17. Let r be 43/(-5) + 81/135. Let v be i(r). Calculate the greatest common divisor of v and 165.
15
Suppose -5*n + 58 = -57. Suppose -o + 2*h - 28 = 0, -h - 6 = -o - 38. Let x = 59 + o. Calculate the highest common divisor of x and n.
23
Let z = -5 - -10. Let j = 316 - 219. Suppose -z*f = 27 - j. Calculate the greatest common factor of 14 and f.
14
Let w = 25 - 25. Suppose 2*t - 4 = -w. Suppose -2*q + 24 = t*c + 4, q = -2*c + 13. Calculate the highest common divisor of q and 77.
7
Let k be 2/(-4) - (-110)/20. Suppose 2*t = -0*s + 4*s - 54, 25 = -k*t. What is the highest common factor of s and 33?
11
Let t(a) = 3*a**3 + 4*a**2 - 8*a - 9. Let w be t(3). Calculate the highest common divisor of w and 966.
42
Let w(b) be the second derivative of b**4/6 - 2*b**3/3 - 3*b**2/2 + b. Let p be w(-2). What is the greatest common factor of 26 and p?
13
Let l(h) = 2*h + 21. Let w be l(24). What is the greatest common factor of w and 1725?
69
Suppose 2*f + 4*l - 106 = 0, 85 + 25 = 2*f + 5*l. Calculate the highest common factor of f and 18.
9
Suppose -48*h + 14485 + 7331 = 53*h. Let v(o) = -5*o - 3. Let m be v(-6). What is the greatest common divisor of m and h?
27
Suppose 10*r - 5*r - 210 = -5*x, 2*x = r + 84. What is the highest common factor of 406 and x?
14
Let o(w) = -w**2 - 11*w - 8. Let m be o(-10). Suppose m = 3*n - 4*n. Let h be 90 - (1 - (1 + n)). Calculate the highest common divisor of h and 22.
22
Let q(u) be the first derivative of u**3/3 + 3*u**2/2 - 13*u + 37. Let h be q(3). What is the greatest common divisor of h and 115?
5
Let r be (5 - 259/49) + 1073/7. What is the highest common divisor of 68 and r?
17
Let t be (-24)/(-10)*(27/6 - 2). Suppose -8*l - 133 = -3*q - t*l, -2*q + l + 89 = 0. Calculate the highest common factor of q and 15.
15
Let j be 6/33 - 10/(-44)*8. Suppose 1 + 1 = 2*q. Suppose 0 = u + q - 2. Calculate the greatest common divisor of j and u.
1
Let w be 9/15*(1 + (-4 - -98)). Calculate the greatest common divisor of 9 and w.
3
Let s be -8*16/((-288)/81). What is the greatest common divisor of 92 and s?
4
Let h = 801 + -540. Calculate the highest common divisor of 45 and h.
9
Let j = -12 + 25. Suppose j*k - 9*k - 8 = 0. What is the highest common divisor of k and 4?
2
Let a(p) = 4*p**2 + 45*p + 21. Let f be a(-19). Let r = f - 313. What is the highest common divisor of 33 and r?
33
Let m = 36 + -26. Let d = 462 + -458. Calculate the highest common factor